{"id":53,"date":"2026-04-03T14:13:54","date_gmt":"2026-04-03T14:13:54","guid":{"rendered":"https:\/\/aubert-manon.mmigrenoble-dev.fr\/?page_id=53"},"modified":"2026-04-28T08:56:09","modified_gmt":"2026-04-28T08:56:09","slug":"acceuil","status":"publish","type":"page","link":"https:\/\/aubert-manon.mmigrenoble-dev.fr\/?page_id=53","title":{"rendered":"A Propos"},"content":{"rendered":"\t\t<div data-elementor-type=\"wp-page\" data-elementor-id=\"53\" class=\"elementor elementor-53\">\n\t\t\t\t<div class=\"elementor-element elementor-element-ccd5a39 e-flex e-con-boxed e-con e-parent\" data-id=\"ccd5a39\" data-element_type=\"container\" data-e-type=\"container\">\n\t\t\t\t\t<div class=\"e-con-inner\">\n\t\t\t\t<div class=\"elementor-element elementor-element-067ca39 elementor-widget elementor-widget-heading\" data-id=\"067ca39\" data-element_type=\"widget\" data-e-type=\"widget\" data-widget_type=\"heading.default\">\n\t\t\t\t\t<h1 class=\"elementor-heading-title elementor-size-default\">\u00e0 propos<\/h1>\t\t\t\t<\/div>\n\t\t\t\t<div class=\"elementor-element elementor-element-4ff43c4 elementor-widget-divider--view-line elementor-widget elementor-widget-divider\" data-id=\"4ff43c4\" data-element_type=\"widget\" data-e-type=\"widget\" data-widget_type=\"divider.default\">\n\t\t\t\t\t\t\t<div class=\"elementor-divider\">\n\t\t\t<span class=\"elementor-divider-separator\">\n\t\t\t\t\t\t<\/span>\n\t\t<\/div>\n\t\t\t\t\t\t<\/div>\n\t\t\t\t\t<\/div>\n\t\t\t\t<\/div>\n\t\t<div class=\"elementor-element elementor-element-093e311 e-grid e-con-boxed e-con e-parent\" data-id=\"093e311\" data-element_type=\"container\" data-e-type=\"container\">\n\t\t\t\t\t<div class=\"e-con-inner\">\n\t\t<div class=\"elementor-element elementor-element-b7d52ce e-con-full e-flex e-con e-child\" data-id=\"b7d52ce\" data-element_type=\"container\" data-e-type=\"container\">\n\t\t\t\t<div class=\"elementor-element elementor-element-1444dc1 elementor-widget elementor-widget-image\" data-id=\"1444dc1\" data-element_type=\"widget\" data-e-type=\"widget\" data-widget_type=\"image.default\">\n\t\t\t\t\t\t\t\t\t\t\t\t\t\t\t<img decoding=\"async\" src=\"https:\/\/aubert-manon.mmigrenoble-dev.fr\/wp-content\/uploads\/elementor\/thumbs\/1000026047-scaled-rlgua71qn52ryekjt8z71vpotq0mi9gnb6lcqs2914.jpg\" title=\"1000026047\" alt=\"1000026047\" loading=\"lazy\" \/>\t\t\t\t\t\t\t\t\t\t\t\t\t\t\t<\/div>\n\t\t\t\t<\/div>\n\t\t<div class=\"elementor-element elementor-element-5eae8f0 e-con-full e-flex e-con e-child\" data-id=\"5eae8f0\" data-element_type=\"container\" data-e-type=\"container\">\n\t\t\t\t<div class=\"elementor-element elementor-element-a36503a elementor-widget elementor-widget-heading\" data-id=\"a36503a\" data-element_type=\"widget\" data-e-type=\"widget\" data-widget_type=\"heading.default\">\n\t\t\t\t\t<h3 class=\"elementor-heading-title elementor-size-default\">Manon Aubert<\/h3>\t\t\t\t<\/div>\n\t\t\t\t<div class=\"elementor-element elementor-element-2485339 elementor-widget-divider--view-line elementor-widget elementor-widget-divider\" data-id=\"2485339\" data-element_type=\"widget\" data-e-type=\"widget\" data-widget_type=\"divider.default\">\n\t\t\t\t\t\t\t<div class=\"elementor-divider\">\n\t\t\t<span class=\"elementor-divider-separator\">\n\t\t\t\t\t\t<\/span>\n\t\t<\/div>\n\t\t\t\t\t\t<\/div>\n\t\t\t\t<div class=\"elementor-element elementor-element-a81ce48 elementor-widget elementor-widget-text-editor\" data-id=\"a81ce48\" data-element_type=\"widget\" data-e-type=\"widget\" data-widget_type=\"text-editor.default\">\n\t\t\t\t\t\t\t\t\t<p>Je m&rsquo;appelle Manon Aubert et je suis \u00e9tudiante en premi\u00e8re ann\u00e9e de BUT M\u00e9tiers du Multim\u00e9dia et de l&rsquo;Internet \u00e0 Grenoble.\u00a0Pour mon bac, j\u2019ai choisis de suivre la sp\u00e9cialit\u00e9 des Arts Plastique. C\u2019est l\u00e0 que je me suis d\u00e9couvert un attrait pour le monde de l\u2019art et de la cr\u00e9ation.\u00a0Mais ce sont les activit\u00e9s manuelles pour lesquelles je me suis le plus passionn\u00e9e.<\/p><p>\u00a0<\/p><div><p>Je me suis orient\u00e9 vers le MMI pour \u00e9largir mes comp\u00e9tences sur d\u2019autres th\u00e9matiques digitale et cr\u00e9atrice.\u00a0Je me forme aujourd&rsquo;hui dans trois comp\u00e9tences diff\u00e9rentes. Tout d&rsquo;abord le D\u00e9veloppement Web, la Communication, et l&rsquo;univers de la cr\u00e9ation (l&rsquo;audiovisuel et le graphisme).<\/p><p>\u00a0<\/p><\/div><p>Mon objectif est de trouver une alternance \u00e0 partir de Septembre 2026 pour une dur\u00e9e de 2 ans\u00a0dans les m\u00e9tiers de la communication ou de la conception graphique.<\/p>\t\t\t\t\t\t\t\t<\/div>\n\t\t\t\t<\/div>\n\t\t\t\t\t<\/div>\n\t\t\t\t<\/div>\n\t\t<div class=\"elementor-element elementor-element-0888d5d e-flex e-con-boxed e-con e-parent\" data-id=\"0888d5d\" data-element_type=\"container\" data-e-type=\"container\">\n\t\t\t\t\t<div class=\"e-con-inner\">\n\t\t\t\t<div class=\"elementor-element elementor-element-c48be09 elementor-widget-divider--view-line elementor-widget elementor-widget-divider\" data-id=\"c48be09\" data-element_type=\"widget\" data-e-type=\"widget\" data-widget_type=\"divider.default\">\n\t\t\t\t\t\t\t<div class=\"elementor-divider\">\n\t\t\t<span class=\"elementor-divider-separator\">\n\t\t\t\t\t\t<\/span>\n\t\t<\/div>\n\t\t\t\t\t\t<\/div>\n\t\t\t\t\t<\/div>\n\t\t\t\t<\/div>\n\t\t<div class=\"elementor-element elementor-element-160b707 e-grid e-con-full e-con e-parent\" data-id=\"160b707\" data-element_type=\"container\" data-e-type=\"container\">\n\t\t<div class=\"elementor-element elementor-element-1e25c60 e-flex e-con-boxed e-con e-child\" data-id=\"1e25c60\" data-element_type=\"container\" data-e-type=\"container\">\n\t\t\t\t\t<div class=\"e-con-inner\">\n\t\t\t\t<div class=\"elementor-element elementor-element-b49d972 elementor-widget elementor-widget-heading\" data-id=\"b49d972\" data-element_type=\"widget\" data-e-type=\"widget\" data-widget_type=\"heading.default\">\n\t\t\t\t\t<h2 class=\"elementor-heading-title elementor-size-default\">Mon Parcours<\/h2>\t\t\t\t<\/div>\n\t\t\t\t\t<\/div>\n\t\t\t\t<\/div>\n\t\t<div class=\"elementor-element elementor-element-a0b9576 e-flex e-con-boxed e-con e-child\" data-id=\"a0b9576\" data-element_type=\"container\" data-e-type=\"container\">\n\t\t\t\t\t<div class=\"e-con-inner\">\n\t\t\t\t<div class=\"elementor-element elementor-element-24a6150 elementor-widget elementor-widget-heading\" data-id=\"24a6150\" data-element_type=\"widget\" data-e-type=\"widget\" data-widget_type=\"heading.default\">\n\t\t\t\t\t<h2 class=\"elementor-heading-title elementor-size-default\">Mon Exp\u00e9rience<\/h2>\t\t\t\t<\/div>\n\t\t\t\t\t<\/div>\n\t\t\t\t<\/div>\n\t\t\t\t<\/div>\n\t\t<div class=\"elementor-element elementor-element-92c87eb e-grid e-con-boxed e-con e-parent\" data-id=\"92c87eb\" data-element_type=\"container\" data-e-type=\"container\">\n\t\t\t\t\t<div class=\"e-con-inner\">\n\t\t<div class=\"elementor-element elementor-element-cfec591 e-con-full e-transform e-flex e-con e-child\" data-id=\"cfec591\" data-element_type=\"container\" data-e-type=\"container\" data-settings=\"{&quot;_transform_scale_effect_hover&quot;:{&quot;unit&quot;:&quot;px&quot;,&quot;size&quot;:0.9,&quot;sizes&quot;:[]},&quot;_transform_scale_effect_hover_tablet&quot;:{&quot;unit&quot;:&quot;px&quot;,&quot;size&quot;:&quot;&quot;,&quot;sizes&quot;:[]},&quot;_transform_scale_effect_hover_mobile&quot;:{&quot;unit&quot;:&quot;px&quot;,&quot;size&quot;:&quot;&quot;,&quot;sizes&quot;:[]}}\">\n\t\t\t\t<div class=\"elementor-element elementor-element-a26ed0b elementor-widget elementor-widget-heading\" data-id=\"a26ed0b\" data-element_type=\"widget\" data-e-type=\"widget\" data-widget_type=\"heading.default\">\n\t\t\t\t\t<h2 class=\"elementor-heading-title elementor-size-default\">BUT MMI<\/h2>\t\t\t\t<\/div>\n\t\t\t\t<div class=\"elementor-element elementor-element-61132b5 elementor-widget elementor-widget-text-editor\" data-id=\"61132b5\" data-element_type=\"widget\" data-e-type=\"widget\" data-widget_type=\"text-editor.default\">\n\t\t\t\t\t\t\t\t\t<p><strong><em>2025 &#8211; 2028<\/em><\/strong><\/p>\t\t\t\t\t\t\t\t<\/div>\n\t\t\t\t<div class=\"elementor-element elementor-element-63cb3ca elementor-widget-divider--view-line elementor-widget elementor-widget-divider\" data-id=\"63cb3ca\" data-element_type=\"widget\" data-e-type=\"widget\" data-widget_type=\"divider.default\">\n\t\t\t\t\t\t\t<div class=\"elementor-divider\">\n\t\t\t<span class=\"elementor-divider-separator\">\n\t\t\t\t\t\t<\/span>\n\t\t<\/div>\n\t\t\t\t\t\t<\/div>\n\t\t\t\t<div class=\"elementor-element elementor-element-055bf86 elementor-widget elementor-widget-image\" data-id=\"055bf86\" data-element_type=\"widget\" data-e-type=\"widget\" data-widget_type=\"image.default\">\n\t\t\t\t\t\t\t\t\t\t\t\t\t\t\t<img decoding=\"async\" width=\"150\" height=\"150\" src=\"https:\/\/aubert-manon.mmigrenoble-dev.fr\/wp-content\/uploads\/2026\/04\/noir-v2-1-150x150.png\" class=\"attachment-thumbnail size-thumbnail wp-image-139\" alt=\"\" \/>\t\t\t\t\t\t\t\t\t\t\t\t\t\t\t<\/div>\n\t\t\t\t<div class=\"elementor-element elementor-element-2684822 elementor-widget-divider--view-line elementor-widget elementor-widget-divider\" data-id=\"2684822\" data-element_type=\"widget\" data-e-type=\"widget\" data-widget_type=\"divider.default\">\n\t\t\t\t\t\t\t<div class=\"elementor-divider\">\n\t\t\t<span class=\"elementor-divider-separator\">\n\t\t\t\t\t\t<\/span>\n\t\t<\/div>\n\t\t\t\t\t\t<\/div>\n\t\t\t\t<div class=\"elementor-element elementor-element-9e533c6 elementor-widget elementor-widget-text-editor\" data-id=\"9e533c6\" data-element_type=\"widget\" data-e-type=\"widget\" data-widget_type=\"text-editor.default\">\n\t\t\t\t\t\t\t\t\t<p>Cursus pluridisciplinaire ax\u00e9 sur les m\u00e9tiers du num\u00e9rique tels que la communication, le d\u00e9veloppement web, et la cr\u00e9ation (audiovisuel et graphisme).<\/p>\t\t\t\t\t\t\t\t<\/div>\n\t\t\t\t<\/div>\n\t\t<div class=\"elementor-element elementor-element-5e997a7 e-con-full e-transform e-flex e-con e-child\" data-id=\"5e997a7\" data-element_type=\"container\" data-e-type=\"container\" data-settings=\"{&quot;_transform_scale_effect_hover&quot;:{&quot;unit&quot;:&quot;px&quot;,&quot;size&quot;:0.9,&quot;sizes&quot;:[]},&quot;_transform_scale_effect_hover_tablet&quot;:{&quot;unit&quot;:&quot;px&quot;,&quot;size&quot;:&quot;&quot;,&quot;sizes&quot;:[]},&quot;_transform_scale_effect_hover_mobile&quot;:{&quot;unit&quot;:&quot;px&quot;,&quot;size&quot;:&quot;&quot;,&quot;sizes&quot;:[]}}\">\n\t\t\t\t<div class=\"elementor-element elementor-element-1ae7627 elementor-widget elementor-widget-heading\" data-id=\"1ae7627\" data-element_type=\"widget\" data-e-type=\"widget\" data-widget_type=\"heading.default\">\n\t\t\t\t\t<h2 class=\"elementor-heading-title elementor-size-default\">Vendeuse Boulangerie M<\/h2>\t\t\t\t<\/div>\n\t\t\t\t<div class=\"elementor-element elementor-element-f116c22 elementor-widget elementor-widget-text-editor\" data-id=\"f116c22\" data-element_type=\"widget\" data-e-type=\"widget\" data-widget_type=\"text-editor.default\">\n\t\t\t\t\t\t\t\t\t<p><strong><em>2024 &#8211; 2026<\/em><\/strong><\/p>\t\t\t\t\t\t\t\t<\/div>\n\t\t\t\t<div class=\"elementor-element elementor-element-eac492a elementor-widget-divider--view-line elementor-widget elementor-widget-divider\" data-id=\"eac492a\" data-element_type=\"widget\" data-e-type=\"widget\" data-widget_type=\"divider.default\">\n\t\t\t\t\t\t\t<div class=\"elementor-divider\">\n\t\t\t<span class=\"elementor-divider-separator\">\n\t\t\t\t\t\t<\/span>\n\t\t<\/div>\n\t\t\t\t\t\t<\/div>\n\t\t\t\t<div class=\"elementor-element elementor-element-b1de63c elementor-widget elementor-widget-image\" data-id=\"b1de63c\" data-element_type=\"widget\" data-e-type=\"widget\" data-widget_type=\"image.default\">\n\t\t\t\t\t\t\t\t\t\t\t\t\t\t\t<img decoding=\"async\" src=\"https:\/\/aubert-manon.mmigrenoble-dev.fr\/wp-content\/uploads\/elementor\/thumbs\/Screenshot_2026-04-22-21-40-35-967_com.miui_.gallery-rmeabwrgionoq14g2m65fcex3hofthb7tb4c9tjj6k.jpg\" title=\"Screenshot_2026-04-22-21-40-35-967_com.miui.gallery\" alt=\"Screenshot_2026-04-22-21-40-35-967_com.miui.gallery\" loading=\"lazy\" \/>\t\t\t\t\t\t\t\t\t\t\t\t\t\t\t<\/div>\n\t\t\t\t<div class=\"elementor-element elementor-element-c8cd644 elementor-widget-divider--view-line elementor-widget elementor-widget-divider\" data-id=\"c8cd644\" data-element_type=\"widget\" data-e-type=\"widget\" data-widget_type=\"divider.default\">\n\t\t\t\t\t\t\t<div class=\"elementor-divider\">\n\t\t\t<span class=\"elementor-divider-separator\">\n\t\t\t\t\t\t<\/span>\n\t\t<\/div>\n\t\t\t\t\t\t<\/div>\n\t\t\t\t<div class=\"elementor-element elementor-element-2382a7a elementor-widget elementor-widget-text-editor\" data-id=\"2382a7a\" data-element_type=\"widget\" data-e-type=\"widget\" data-widget_type=\"text-editor.default\">\n\t\t\t\t\t\t\t\t\t<p>Job \u00e9tudiant ou j&rsquo;ai assur\u00e9 la gestion de la caisse et du service client. Cette exp\u00e9rience m&rsquo;a permis de d\u00e9velopper une aisance \u00e0 l&rsquo;oral, et un certain esprit d&rsquo;\u00e9quipe.<\/p>\t\t\t\t\t\t\t\t<\/div>\n\t\t\t\t<\/div>\n\t\t<div class=\"elementor-element elementor-element-a3a455e e-con-full e-transform e-flex e-con e-child\" data-id=\"a3a455e\" data-element_type=\"container\" data-e-type=\"container\" data-settings=\"{&quot;_transform_scale_effect_hover&quot;:{&quot;unit&quot;:&quot;px&quot;,&quot;size&quot;:0.9,&quot;sizes&quot;:[]},&quot;_transform_scale_effect_hover_tablet&quot;:{&quot;unit&quot;:&quot;px&quot;,&quot;size&quot;:&quot;&quot;,&quot;sizes&quot;:[]},&quot;_transform_scale_effect_hover_mobile&quot;:{&quot;unit&quot;:&quot;px&quot;,&quot;size&quot;:&quot;&quot;,&quot;sizes&quot;:[]}}\">\n\t\t\t\t<div class=\"elementor-element elementor-element-930a988 elementor-widget elementor-widget-heading\" data-id=\"930a988\" data-element_type=\"widget\" data-e-type=\"widget\" data-widget_type=\"heading.default\">\n\t\t\t\t\t<h2 class=\"elementor-heading-title elementor-size-default\">Bac G\u00e9n\u00e9ral<\/h2>\t\t\t\t<\/div>\n\t\t\t\t<div class=\"elementor-element elementor-element-f7d05d9 elementor-widget elementor-widget-text-editor\" data-id=\"f7d05d9\" data-element_type=\"widget\" data-e-type=\"widget\" data-widget_type=\"text-editor.default\">\n\t\t\t\t\t\t\t\t\t<p><strong><em>2024 &#8211; 2025<\/em><\/strong><\/p>\t\t\t\t\t\t\t\t<\/div>\n\t\t\t\t<div class=\"elementor-element elementor-element-3392541 elementor-widget-divider--view-line elementor-widget elementor-widget-divider\" data-id=\"3392541\" data-element_type=\"widget\" data-e-type=\"widget\" data-widget_type=\"divider.default\">\n\t\t\t\t\t\t\t<div class=\"elementor-divider\">\n\t\t\t<span class=\"elementor-divider-separator\">\n\t\t\t\t\t\t<\/span>\n\t\t<\/div>\n\t\t\t\t\t\t<\/div>\n\t\t\t\t<div class=\"elementor-element elementor-element-5bed8bf elementor-widget elementor-widget-image\" data-id=\"5bed8bf\" data-element_type=\"widget\" data-e-type=\"widget\" data-widget_type=\"image.default\">\n\t\t\t\t\t\t\t\t\t\t\t\t\t\t\t<img decoding=\"async\" src=\"https:\/\/aubert-manon.mmigrenoble-dev.fr\/wp-content\/uploads\/elementor\/thumbs\/IMG_20251121_175301-rmeajk66554zg2ojkgk2hgtzcb733qo5tx0iwdgo28.jpg\" title=\"IMG_20251121_175301\" alt=\"IMG_20251121_175301\" loading=\"lazy\" \/>\t\t\t\t\t\t\t\t\t\t\t\t\t\t\t<\/div>\n\t\t\t\t<div class=\"elementor-element elementor-element-46ac2cc elementor-widget-divider--view-line elementor-widget elementor-widget-divider\" data-id=\"46ac2cc\" data-element_type=\"widget\" data-e-type=\"widget\" data-widget_type=\"divider.default\">\n\t\t\t\t\t\t\t<div class=\"elementor-divider\">\n\t\t\t<span class=\"elementor-divider-separator\">\n\t\t\t\t\t\t<\/span>\n\t\t<\/div>\n\t\t\t\t\t\t<\/div>\n\t\t\t\t<div class=\"elementor-element elementor-element-5238013 elementor-widget elementor-widget-text-editor\" data-id=\"5238013\" data-element_type=\"widget\" data-e-type=\"widget\" data-widget_type=\"text-editor.default\">\n\t\t\t\t\t\t\t\t\t<p>Sp\u00e9cialit\u00e9s Arts Plastiques et Sciences Economiques et Sociales.<\/p>\t\t\t\t\t\t\t\t<\/div>\n\t\t\t\t<\/div>\n\t\t<div class=\"elementor-element elementor-element-da544fd e-con-full e-transform e-flex e-con e-child\" data-id=\"da544fd\" data-element_type=\"container\" data-e-type=\"container\" data-settings=\"{&quot;_transform_scale_effect_hover&quot;:{&quot;unit&quot;:&quot;px&quot;,&quot;size&quot;:0.9,&quot;sizes&quot;:[]},&quot;_transform_scale_effect_hover_tablet&quot;:{&quot;unit&quot;:&quot;px&quot;,&quot;size&quot;:&quot;&quot;,&quot;sizes&quot;:[]},&quot;_transform_scale_effect_hover_mobile&quot;:{&quot;unit&quot;:&quot;px&quot;,&quot;size&quot;:&quot;&quot;,&quot;sizes&quot;:[]}}\">\n\t\t\t\t<div class=\"elementor-element elementor-element-a337afe elementor-widget elementor-widget-heading\" data-id=\"a337afe\" data-element_type=\"widget\" data-e-type=\"widget\" data-widget_type=\"heading.default\">\n\t\t\t\t\t<h2 class=\"elementor-heading-title elementor-size-default\">Projet Personnel<\/h2>\t\t\t\t<\/div>\n\t\t\t\t<div class=\"elementor-element elementor-element-0caf387 elementor-widget elementor-widget-text-editor\" data-id=\"0caf387\" data-element_type=\"widget\" data-e-type=\"widget\" data-widget_type=\"text-editor.default\">\n\t\t\t\t\t\t\t\t\t<p><strong><em>2025<\/em><\/strong><\/p>\t\t\t\t\t\t\t\t<\/div>\n\t\t\t\t<div class=\"elementor-element elementor-element-f859711 elementor-widget-divider--view-line elementor-widget elementor-widget-divider\" data-id=\"f859711\" data-element_type=\"widget\" data-e-type=\"widget\" data-widget_type=\"divider.default\">\n\t\t\t\t\t\t\t<div class=\"elementor-divider\">\n\t\t\t<span class=\"elementor-divider-separator\">\n\t\t\t\t\t\t<\/span>\n\t\t<\/div>\n\t\t\t\t\t\t<\/div>\n\t\t\t\t<div class=\"elementor-element elementor-element-561b09f elementor-widget elementor-widget-image\" data-id=\"561b09f\" data-element_type=\"widget\" data-e-type=\"widget\" data-widget_type=\"image.default\">\n\t\t\t\t\t\t\t\t\t\t\t\t\t\t\t<img decoding=\"async\" src=\"https:\/\/aubert-manon.mmigrenoble-dev.fr\/wp-content\/uploads\/elementor\/thumbs\/Capture-decran-2026-04-22-215211-1-rmeaxqkj86jokc35s36hle19wjbe7dyes396hmfw7k.png\" title=\"Capture d\u2019\u00e9cran 2026-04-22 215211\" alt=\"Capture d\u2019\u00e9cran 2026-04-22 215211\" loading=\"lazy\" \/>\t\t\t\t\t\t\t\t\t\t\t\t\t\t\t<\/div>\n\t\t\t\t<div class=\"elementor-element elementor-element-4e79b3e elementor-widget-divider--view-line elementor-widget elementor-widget-divider\" data-id=\"4e79b3e\" data-element_type=\"widget\" data-e-type=\"widget\" data-widget_type=\"divider.default\">\n\t\t\t\t\t\t\t<div class=\"elementor-divider\">\n\t\t\t<span class=\"elementor-divider-separator\">\n\t\t\t\t\t\t<\/span>\n\t\t<\/div>\n\t\t\t\t\t\t<\/div>\n\t\t\t\t<div class=\"elementor-element elementor-element-d7d39fa elementor-widget elementor-widget-text-editor\" data-id=\"d7d39fa\" data-element_type=\"widget\" data-e-type=\"widget\" data-widget_type=\"text-editor.default\">\n\t\t\t\t\t\t\t\t\t<p>Ce sont des projets que j&rsquo;ai r\u00e9alis\u00e9s lors de mon ann\u00e9e de Terminale. J&rsquo;ai cr\u00e9er une sculpture pl\u00e2tre qui parle du rongement int\u00e9rieur des \u00e9motions refoul\u00e9es, et d&rsquo;une perte d&rsquo;identit\u00e9.<\/p><p>Les pi\u00e8ces de puzzle repr\u00e9sente des fragments de souvenirs mais avec une approche de jeu.<\/p>\t\t\t\t\t\t\t\t<\/div>\n\t\t\t\t<\/div>\n\t\t\t\t\t<\/div>\n\t\t\t\t<\/div>\n\t\t\t\t<\/div>\n\t\t","protected":false},"excerpt":{"rendered":"<p>\u00e0 propos Manon Aubert Je m&rsquo;appelle Manon Aubert et je suis \u00e9tudiante en premi\u00e8re ann\u00e9e de BUT M\u00e9tiers du Multim\u00e9dia et de l&rsquo;Internet \u00e0 Grenoble.\u00a0Pour mon bac, j\u2019ai choisis de suivre la sp\u00e9cialit\u00e9 des Arts Plastique. C\u2019est l\u00e0 que je me suis d\u00e9couvert un attrait pour le monde de l\u2019art et de la cr\u00e9ation.\u00a0Mais ce [&hellip;]<\/p>\n","protected":false},"author":4,"featured_media":0,"parent":0,"menu_order":0,"comment_status":"closed","ping_status":"closed","template":"","meta":{"footnotes":""},"class_list":["post-53","page","type-page","status-publish","hentry"],"rttpg_featured_image_url":null,"rttpg_author":{"display_name":"Manon Aubert","author_link":"https:\/\/aubert-manon.mmigrenoble-dev.fr\/?author=4"},"rttpg_comment":0,"rttpg_category":null,"rttpg_excerpt":"\u00e0 propos Manon Aubert Je m&rsquo;appelle Manon Aubert et je suis \u00e9tudiante en premi\u00e8re ann\u00e9e de BUT M\u00e9tiers du Multim\u00e9dia et de l&rsquo;Internet \u00e0 Grenoble.\u00a0Pour mon bac, j\u2019ai choisis de suivre la sp\u00e9cialit\u00e9 des Arts Plastique. C\u2019est l\u00e0 que je me suis d\u00e9couvert un attrait pour le monde de l\u2019art et de la cr\u00e9ation.\u00a0Mais ce\u2026","_links":{"self":[{"href":"https:\/\/aubert-manon.mmigrenoble-dev.fr\/index.php?rest_route=\/wp\/v2\/pages\/53","targetHints":{"allow":["GET"]}}],"collection":[{"href":"https:\/\/aubert-manon.mmigrenoble-dev.fr\/index.php?rest_route=\/wp\/v2\/pages"}],"about":[{"href":"https:\/\/aubert-manon.mmigrenoble-dev.fr\/index.php?rest_route=\/wp\/v2\/types\/page"}],"author":[{"embeddable":true,"href":"https:\/\/aubert-manon.mmigrenoble-dev.fr\/index.php?rest_route=\/wp\/v2\/users\/4"}],"replies":[{"embeddable":true,"href":"https:\/\/aubert-manon.mmigrenoble-dev.fr\/index.php?rest_route=%2Fwp%2Fv2%2Fcomments&post=53"}],"version-history":[{"count":43,"href":"https:\/\/aubert-manon.mmigrenoble-dev.fr\/index.php?rest_route=\/wp\/v2\/pages\/53\/revisions"}],"predecessor-version":[{"id":448,"href":"https:\/\/aubert-manon.mmigrenoble-dev.fr\/index.php?rest_route=\/wp\/v2\/pages\/53\/revisions\/448"}],"wp:attachment":[{"href":"https:\/\/aubert-manon.mmigrenoble-dev.fr\/index.php?rest_route=%2Fwp%2Fv2%2Fmedia&parent=53"}],"curies":[{"name":"wp","href":"https:\/\/api.w.org\/{rel}","templated":true}]}}